atest common factor of 9731 and 37.
37
Calculate the greatest common factor of 8284 and 209.
19
What is the greatest common divisor of 55277 and 1655?
331
Calculate the greatest common factor of 11772 and 3597.
327
Calculate the greatest common divisor of 2 and 416446.
2
Calculate the highest common factor of 407 and 16243.
37
What is the highest common factor of 154980 and 60?
60
Calculate the greatest common divisor of 12582 and 576.
18
Calculate the greatest common factor of 16577 and 3751.
121
Calculate the greatest common divisor of 8120 and 5089.
7
What is the highest common factor of 176670 and 50310?
1170
Calculate the highest common divisor of 231 and 170511.
33
What is the highest common divisor of 543 and 31383228?
543
Calculate the greatest common factor of 1504 and 808.
8
Calculate the highest common factor of 1406120 and 16.
8
What is the greatest common factor of 4 and 557?
1
What is the highest common divisor of 1290 and 6990?
30
Calculate the highest common factor of 2322 and 23177.
43
Calculate the greatest common divisor of 4418024 and 368.
184
Calculate the greatest common factor of 107 and 324959.
107
Calculate the highest common factor of 4929 and 3813.
93
What is the greatest common divisor of 2665 and 14391?
533
What is the greatest common factor of 56169 and 9?
9
What is the greatest common divisor of 71121 and 2265?
453
Calculate the highest common factor of 21240 and 31329.
531
Calculate the highest common divisor of 14940 and 3771.
9
What is the greatest common factor of 34991 and 451?
11
Calculate the greatest common factor of 66 and 274098.
66
What is the highest common factor of 364750 and 3250?
250
What is the highest common divisor of 129 and 1247?
43
Calculate the highest common factor of 2950 and 37760.
590
Calculate the greatest common factor of 242446 and 8194.
482
What is the highest common factor of 3198 and 152274?
246
What is the highest common factor of 104 and 200486?
26
What is the greatest common divisor of 1087575 and 375?
75
Calculate the greatest common factor of 145 and 165967.
29
What is the greatest common divisor of 467576 and 23632?
1688
What is the highest common factor of 113124 and 132?
132
What is the greatest common factor of 449205 and 15?
15
Calculate the highest common factor of 810 and 21150.
90
Calculate the greatest common factor of 8594960 and 16.
16
What is the greatest common divisor of 14276 and 1290?
86
Calculate the highest common divisor of 3840 and 21300.
60
Calculate the greatest common divisor of 445 and 27.
1
What is the highest common factor of 36 and 265704?
12
Calculate the highest common divisor of 13824 and 918.
54
What is the greatest common factor of 11 and 1155781?
11
What is the greatest common factor of 121984 and 4765?
953
What is the highest common divisor of 15816 and 24?
24
Calculate the greatest common factor of 143 and 118690.
143
What is the highest common factor of 6570 and 1530?
90
Calculate the greatest common divisor of 429345 and 15.
15
What is the greatest common factor of 355950 and 1008?
126
What is the highest common factor of 220531 and 415?
83
Calculate the highest common factor of 5782 and 2596.
118
What is the greatest common divisor of 22264 and 6808?
184
Calculate the highest common divisor of 1188956 and 524.
524
What is the highest common divisor of 63200 and 10?
10
Calculate the highest common divisor of 2 and 54028.
2
Calculate the greatest common divisor of 56 and 24668.
28
Calculate the highest common factor of 1804 and 76752.
164
What is the greatest common divisor of 132055 and 105?
35
What is the highest common divisor of 618855 and 15?
15
What is the highest common divisor of 1782 and 4734576?
198
What is the highest common factor of 6965 and 63?
7
What is the highest common divisor of 130 and 4365010?
130
Calculate the highest common divisor of 5447 and 115225.
419
Calculate the greatest common divisor of 1721592 and 48.
24
Calculate the highest common factor of 5252 and 2704.
52
What is the highest common factor of 6820 and 16895?
155
Calculate the greatest common factor of 574 and 7350.
14
Calculate the greatest common factor of 139140 and 540.
180
What is the greatest common divisor of 93060 and 987?
141
Calculate the highest common factor of 1340 and 41272.
268
Calculate the highest common factor of 444800 and 680.
40
What is the greatest common factor of 16892 and 779?
41
What is the highest common factor of 197280 and 16029?
1233
Calculate the highest common factor of 35001 and 657.
9
Calculate the greatest common factor of 150 and 1275.
75
What is the greatest common factor of 18436 and 48?
4
Calculate the highest common factor of 7856110 and 690.
230
What is the highest common divisor of 1378116 and 9?
9
Calculate the greatest common factor of 24390 and 2880.
90
Calculate the highest common factor of 30 and 123710.
10
Calculate the highest common factor of 36990 and 5130.
270
Calculate the highest common factor of 1020 and 11730.
510
What is the greatest common factor of 2542 and 42222?
62
What is the highest common factor of 6 and 57490?
2
Calculate the highest common factor of 110690 and 40.
10
What is the highest common divisor of 201856 and 4316?
332
What is the greatest common divisor of 256278 and 968?
242
What is the highest common factor of 185 and 320?
5
What is the highest common factor of 143 and 33?
11
Calculate the highest common factor of 46852 and 98156.
212
Calculate the greatest common factor of 19234 and 178298.
118
Calculate the greatest common factor of 2476415 and 19989.
2221
Calculate the highest common divisor of 88 and 20152.
88
What is the greatest common divisor of 3120 and 527760?
240
What is the highest common divisor of 712082 and 4788?
266
Calculate the greatest common factor of 89860 and 100.
20
Calculate the greatest common divisor of 3153 and 2458289.
1051
Calculate the greatest common factor of 87824 and 11792.
176
What is the greatest common divisor of 5088 and 702?
6
Calculate the greatest common factor of 688 and 1448.
8
What is the greatest common factor of 240 and 460140?
60
Calculate the highest common factor of 3340 and 13861.
167
Calculate the highest common divisor of 364 and 1229501.
91
What is the highest common factor of 868 and 40238?
62
What is the highest common factor of 1010 and 23129?
101
What is the highest common factor of 15 and 840875?
5
Calculate the greatest common factor of 954 and 317046.
318
Calculate the greatest common divisor of 936 and 2008.
8
What is the greatest common factor of 15 and 1867725?
15
Calculate the highest common divisor of 1926 and 288.
18
What is the highest common divisor of 94 and 33323?
47
What is the greatest common factor of 864 and 109116?
36
Calculate the greatest common divisor of 738189 and 9.
9
Calculate the highest common divisor of 2242 and 908482.
118
What is the greatest common factor of 2086 and 3725?
149
What is the highest common factor of 318 and 27454?
106
What is the highest common factor of 194 and 61692?
194
Calculate the highest common divisor of 5751 and 2769.
213
Calculate the greatest common factor of 52 and 33553.
13
Calculate the highest common divisor of 930 and 1270.
10
What is the greatest common divisor of 2484 and 8796?
12
Calculate the highest common divisor of 157573 and 10075.
403
Calculate the highest common factor of 1060 and 114745.
265
What is the highest common divisor of 1482 and 16?
2
What is the greatest common factor of 54840 and 384?
24
What is the highest common factor of 7200 and 55600?
400
Calculate the greatest common factor of 8401 and 2981.
271
Calculate the highest common factor of 957 and 44.
11
What is the highest common factor of 32032 and 4823?
91
What is the highest common divisor of 1078 and 583?
11
Calculate the greatest common divisor of 81 and 11259.
81
What is the highest common divisor of 22418 and 22?
22
Calculate the highest common divisor of 22351 and 55517.
721
What is the greatest common divisor of 48552 and 105?
21
Calculate the greatest common divisor of 186 and 89094.
186
What is the highest common factor of 3625 and 2610?
145
Calculate the highest common factor of 40725 and 1875.
75
What is the greatest common divisor of 74544 and 96?
48
Calculate the highest com